 -a**3 - a**2 - a - 6. Let z be -6*8/12 - -4. Give g(z).
-6
Let f be ((-2)/(-4))/(1/2). Let o(c) = f + 0*c + 2*c - 3*c. Let l(z) = z**2 - 2*z - 4. Let t be l(4). What is o(t)?
-3
Let i(m) = -m - 6. Let q(d) be the first derivative of -d**3/3 + 3*d**2 - d - 1. Let o be q(5). Suppose -w = -5*a - 0*w - 2, -2*w = -2*a - o. Determine i(a).
-6
Let o = -76 - -73. Let x(t) = -t**3 - t**2 - 2. Determine x(o).
16
Let r(z) be the first derivative of z**6/360 - z**5/30 - z**3/3 + 3. Let w(f) be the third derivative of r(f). Determine w(4).
0
Let f(p) = 8*p**3 - 9*p**2 + 15*p + 9. Let k(m) = m - 5. Let r be k(9). Let b(v) = -3*v**3 + 3*v**2 - 5*v - 3. Let l(x) = r*f(x) + 11*b(x). What is l(-4)?
-1
Let f(a) = -a**2 - 5*a. Let r = 1 - -3. Suppose 5 - 1 = -r*t + 4*k, 0 = 4*t + 2*k - 26. Suppose -3*b - t = 8. Give f(b).
4
Let l(s) be the first derivative of s**4/4 + 4*s**3/3 - s**2 + 3*s + 1. Let o be (3 - 15 - 1) + 4. Let i be o - (-3 + 0) - -1. What is l(i)?
-12
Let c(w) = w**2 + 2 + 5 + 5*w - 1 - 1. What is c(-4)?
1
Let n(f) = -4 - 25*f + 22*f + 6 + 2*f**2. Determine n(-3).
29
Suppose -2*a + 4 = -4*a - 5*g, 6 = -3*g. Suppose 0 = -2*r, a*t + 25 = 8*t + 5*r. Let m(o) = o**2 - 4*o - 4. Calculate m(t).
1
Let n = -3 + 6. Suppose -3*z + 1 = s, n*s + 2*z - 10 = -0*s. Let q(v) = v**3 - 4*v**2 - 3*v + 5. What is q(s)?
-7
Let r = 48 - 22. Let x(k) = 4*k + 6*k - r*k + 1. Calculate x(1).
-15
Let l(i) = i**2 - 1. Let o(p) = 7*p**3 + 2*p**2 - 2*p - 3. Let w be -2*(0 - -1 - 2). Let n(b) = w*l(b) - o(b). Let a(q) = -q - 9. Let z be a(-8). What is n(z)?
6
Suppose 5*z + 2 = 4*z, -4*j - 4*z = -8. Suppose -7 - 5 = -j*x. Let f(r) = r**2 - 4*r + 2. Determine f(x).
-1
Let k be (-58)/(-5) - (-2)/5. Let i be 1/3 - k/9. Let f(b) = -35*b + 13*b + 16*b. Give f(i).
6
Let r(u) = u**2 - 5*u + 1. Let c(z) = z**3 - 8*z**2 + z - 5. Let o be c(8). Suppose o*y + y = 8. Give r(y).
-5
Let g(t) = t**3 + t**2 + t - 1. Let a(k) = -3*k**3 - k + 2. Let f(b) = -a(b) - 2*g(b). Determine f(2).
-2
Let f(s) = -2*s - 2. Let i = -2 - 3. Suppose -7*z = -0*z - 35. Let p be (-16)/z + i/(-25). Calculate f(p).
4
Let z(a) = -a**2 - 6*a - 3. Suppose t + 2*t - 5*l = -27, 3*l = -2*t + 1. What is z(t)?
5
Suppose 5 = 6*n - n - g, n - 5*g = 25. Suppose n*r - 2*r = 0. Let p(i) = r + 0 + 7*i. Give p(1).
7
Let n(y) = y**3 + 2*y**2 - 4*y - 3. Suppose 2*k + 5 = 2*g - 3*k, k - 26 = -5*g. Suppose -4*h - 7 - g = 0. What is n(h)?
0
Let q(w) = -3*w**3 + 2 + 5*w**3 + 3*w + 0 - 3*w**3. What is q(-2)?
4
Let a(q) = -q**2 + 6*q + 1. Let l be a(5). Let z(f) = 0*f + l + 3 - 4 - 5*f. Determine z(4).
-15
Let z(s) = s**3 - 3*s**2 - 3*s + 1. Suppose 2 = -2*v - 0*p + 2*p, -26 = -2*v - 5*p. Let a be v/(-3)*(-7 + 3). Suppose -a*g + 6 = -2*g. Give z(g).
-8
Suppose 0 = 3*q - 6, 3*f + 0 = -5*q - 14. Let i(a) = -4*a**2 - 7*a + 3. Let z(m) = m**2. Let c(l) = i(l) + 3*z(l). What is c(f)?
-5
Let v(d) be the second derivative of d**5/20 + 5*d**4/12 - d**3/3 - 3*d**2 - 7*d. Calculate v(-5).
4
Let a(q) = -4*q**2 + 2 + 3 - 2*q + q**3 - 2*q. Suppose -4*n = 4*p + 29 - 117, 0 = -n - 2*p + 24. Suppose 7*i = 2*i + n. Determine a(i).
-11
Let i(p) be the second derivative of -p**3/3 + 2*p**2 + p. Let m(y) = y**2 + 1. Let c be -8*((-1)/4)/1. Let d be m(c). What is i(d)?
-6
Let i(r) = 5*r**3 - 10 - 9*r**2 - 2*r + 2*r**3 - 13*r**3 + 5*r**3. Determine i(-9).
8
Let q(i) = i**2 - 5*i + 5. Let z be (5/2)/(4/(5 + 3)). What is q(z)?
5
Let s(h) be the second derivative of 0*h**2 - 1/4*h**4 + 2*h - 1/60*h**5 + 0 + 0*h**3 - 1/720*h**6. Let p(b) be the third derivative of s(b). Give p(5).
-7
Let i(s) = s**2 + 6 - 2*s**3 + 4*s - 5 - 2*s. What is i(-1)?
2
Let k be 2/5 + 22/(-5). Let g(z) = 6*z + 6. Let r(i) = -6 - 8*i - 5*i - 6. Let m(p) = 7*g(p) + 3*r(p). What is m(k)?
-6
Suppose -3*u + 4*i = -8, i - 6 + 31 = -5*u. Let s(a) = -a**2 - 4*a + 3. Give s(u).
3
Suppose 3*l = 4*l + 5. Let v(g) = -g - 1. Calculate v(l).
4
Let n be 2 + 0 + -5 - -3. Let l(g) be the second derivative of 1/20*g**5 + 0*g**4 - 1/2*g**2 - 1/3*g**3 + n - 2*g. What is l(-1)?
0
Let i(w) = -3*w**2 + 2*w**2 - 2 + 4 - 2*w - w**3 - 3*w**2. Let p be (0 - (-2 - -1))*-3. What is i(p)?
-1
Suppose -6 = -2*t - 3*g - g, 2*g = -3*t + 5. Let f(d) = -4*d**2 + 5*d + 3. Let z(y) = -8*y**2 + 11*y + 7. Let p(o) = 9*f(o) - 4*z(o). What is p(t)?
-4
Let f(m) be the first derivative of -11*m**4/12 - m**3/6 - m**2/2 - 5*m + 1. Let n(t) be the first derivative of f(t). What is n(-1)?
-11
Let y(v) = -2*v - 8. Suppose 10*d - 12 = 12*d. Calculate y(d).
4
Suppose -3*j = -6*j - 12. Let t(u) = -u + 2. Determine t(j).
6
Let d(l) = 4 + 4*l**2 + 0*l**2 - 3*l - l**3 - l**2. Let k = -1 - -4. Determine d(k).
-5
Let t(p) = -p + 1. Suppose -5*r + 12 = -13. Suppose r*g + 4 = -1. Determine t(g).
2
Let s(n) be the first derivative of n**2 + 3 + 0*n + 1/3*n**3. Calculate s(-1).
-1
Let r(m) be the first derivative of -m**5/15 + m**4/24 + m**3 + 5. Let t(q) be the third derivative of r(q). Give t(1).
-7
Let a(k) = k**2 - 5*k + 1. Let w be a(5). Let r(q) = 4*q**2 + q. Determine r(w).
5
Let d = -4 - -5. Let r(p) = 1 - d + p + 1. Give r(3).
4
Suppose 2*u + 0 + 4 = 0. Let c(o) = 380*o**2 + 1 - 382*o**2 - 2*o**3 + 2*o + 2. Give c(u).
7
Let u(m) be the second derivative of -m**3/6 - 7*m**2/2 + 13*m. Give u(-8).
1
Let r(x) = -7*x - 1. Let y = 16 + -15. Give r(y).
-8
Let h = 84 + -80. Let f(a) = 5*a - 5. Give f(h).
15
Let b(j) be the first derivative of -j**4/2 - j**3/3 + j**2 + j - 6. What is b(-2)?
9
Let m be ((-1)/4)/(14/(-168)). Let n(p) = -m*p + 2*p**2 - 2 - p**2 + 2*p**2 - p**2 + 2*p**3. What is n(-2)?
-4
Suppose 0 = -5*z - r + 21, -3*z - r + 16 = z. Let p(j) = j**2 - 4*j - 1. Let b be p(5). Let u(g) = 4*g**2 + b + 2*g - 1 + 4*g - g**3. What is u(z)?
8
Let o(l) = -l**2 + 7*l - 2. Suppose -12 = 2*w + w. Let f(q) = -q**2 + 6*q - 2. Suppose 1 = -x + 6. Let p(h) = w*o(h) + x*f(h). Determine p(2).
-2
Let p(g) = -g**3 - 4*g**2 + g - 2. Let i be (-3 - (-8)/2)*-4. Calculate p(i).
-6
Let n(h) = 2*h**2 - 1. Let v be (-3)/6*2*-15. Suppose 0 = -k - 6*q + 2*q - v, -k = -5*q - 21. Give n(k).
1
Let r(o) = -5*o**2 + o + 1. Let g(l) = -l**2 + 7*l + 1. Let u be g(7). Suppose -u - 1 = 2*c. Give r(c).
-5
Let s(x) = 9*x**2 - 4*x + 4. Let j(a) = 5*a**2 - 2*a + 2. Let b(i) = -7*j(i) + 4*s(i). Determine b(2).
2
Let c(z) be the third derivative of 0*z - 2*z**2 + 0 + 0*z**3 - 1/24*z**4. Let u = -3 + 0. Give c(u).
3
Let o(k) = -3*k**2 + k + 0*k**3 + 1 - k**3 + 2*k. Let g be (-15)/10 + (-10)/4. Determine o(g).
5
Let b(a) = -3*a - 8 + 19 + 4*a. Let i(z) = -32 - z - 2*z + 0. Let u(g) = -17*b(g) - 6*i(g). Give u(-5).
0
Let b(s) be the third derivative of -2/3*s**3 + 0 + 1/15*s**5 + 5*s**2 + 1/120*s**6 - 1/4*s**4 + 0*s. Give b(-5).
1
Let k = -7 + 10. Let i(y) = 1 + 0*y + y**2 + y + 8*y**k + y. Determine i(-1).
-8
Let h(k) = 45*k**3 - 7*k**2 + 7*k - 23*k**3 - 5 - 21*k**3. Give h(6).
1
Suppose a - 6*a - 35 = 0. Let t = a - -12. Let u be t/(-25) + 26/5. Let y(f) = f**2 - 6*f + 3. What is y(u)?
-2
Let s(t) = -t**3 + t - 1. Suppose -3*y + 5*y = 5*r - 13, r - 8 = -5*y. Calculate s(y).
-1
Let i(v) = -v**2 - 1. Suppose -4*y - r = -25, -2*r + 15 + 15 = 4*y. Suppose -y*m = -26 + 6. Suppose 0 = -m*f - 5*k + 5, -2*f - 2*k + 2 = 0. Calculate i(f).
-1
Suppose -13 + 2 = -4*t + 3*h, 0 = 5*t + h - 28. Let w(j) = j**3 + j**2 - j. Let m(v) = 6*v**3 + 8*v**2 - 2*v + 1. Let g(k) = t*w(k) - m(k). What is g(-3)?
8
Suppose 4*b + 3*g = 1, -3*b - g = -0 + 3. Let a(f) be the first derivative of f**4/12 - f**3/6 - 4*f - 5. Let d(w) be the first derivative of a(w). Give d(b).
6
Let c(t) be the second derivative of t**4/12 + t**3/2 - 5*t**2/2 + 2*t. Let u = 0 + -2. Let j be -3 - u/(2/(-1)). Calculate c(j).
-1
Suppose 31 = 2*s - 5*n, -3*s - s + 2*n + 22 = 0. Let m(c) = -s*c + 4*c - c**2 + 0*c + 0*c. Determine m(2).
-2
Let n(p) be the first derivative of -p**4/4 - 4*p**3/3 - 2*p**2 - p + 9. Determine n(-3).
2
Let a(j) = 2*j. Let t(z) = 3*z. Let v(i) = 6*a(i) - 5*t(i). Determine v(5).
-15
Let p be (-20)/(-15)*(2 + 1). Suppose 3*g - 4*y + 12 = 0, -p*y + 12 = g - 5*g. Let b(s) = -s**3 + s**2 - s - 6. Calculate b(g).
-6
Let n be (-20)/30 + (-2)/6. Let m(c) = -4*c**3 + c**2 - c - 1. What is m(n)?
5
Let x(y) = -2*y + 13. Let b be x(0). Let k(g) = g**2 - 14*g + 19. What is k(b)?
6
Let l(r) = 5*r**3 - r. Suppose 3*x -